2. Give t(g).
0
Let c be 16/(-4)*(-2)/(-2). Let u be (c/6)/(5/30). Let n(b) = 7*b + 10. Let t(v) = -v - 1. Let l(p) = -n(p) - 5*t(p). Determine l(u).
3
Let w be -2 + 4 - (-1)/(2/(-6)). Let s(k) = 11*k**3 + k**2 + k. Calculate s(w).
-11
Let t(x) = x**2 - 7*x + 7. Let a be t(7). Let z(l) = l**3 - 6*l**2 - 5*l - 10. Determine z(a).
4
Let h = -2 + 11. Let m(b) = -2 - 5 - 1 - b - h. What is m(-7)?
-10
Let s(m) = 29*m + 51. Let k(g) = 18*g + 34. Let a(d) = 8*k(d) - 5*s(d). Calculate a(11).
6
Suppose 0 = -13*h + 2*h - 22. Let n(y) = -3*y + 2. What is n(h)?
8
Let x be 1 - 0 - 2*2. Let c = 3 + -1. Let a(i) = 2*i + 3*i**2 - 4 + i**2 + 6 - 3*i**c. Determine a(x).
5
Suppose 23 = i + 16. Let h(j) = 2*j + 5*j**2 - i - 14 + 22. Calculate h(-1).
4
Let i(c) = c**2 - 3. Let s = 1 - -3. Suppose -t + y = 2 - 1, 5*t + s*y = 4. Suppose t = -k - 4*x + 3, -15 = -5*k + 5*x - 0*x. Calculate i(k).
6
Suppose 0 = 3*d - 11 - 4. Let f(g) = 2*g - 8. Let j be f(d). Let x(y) = -19*y**3 + 16*y**3 + 5*y - y**j - 6*y. Calculate x(-1).
3
Let n(c) = -c - 1. Let k(f) = -3*f. Let s(g) = -k(g) + 2*n(g). Suppose 3*z - 2*z - 3 = 0. Let b(u) = -u**3 + 2*u**2 + 4*u - 3. Let x be b(z). What is s(x)?
-2
Let a(w) = -2 + 27 + 387*w - 190*w - 198*w - w**2. What is a(6)?
-17
Let v(x) be the first derivative of -1/4*x**4 - 1/2*x**2 + 7/60*x**5 + 0*x + 6 - 1/120*x**6 + 4/3*x**3. Let j(w) be the second derivative of v(w). Give j(6).
8
Let w(d) = d**2 - 23*d - 19. Let v(r) = -r**2 + 16*r + 13. Let o(k) = -7*v(k) - 5*w(k). Determine o(5).
69
Let l(q) = -17*q + 8 - 2*q**2 + 10*q**2 - 4*q**2 - 3*q**2 + 10*q. Give l(6).
2
Let c = -557 - -559. Let a(i) be the third derivative of 0 + 0*i + 0*i**3 - 1/24*i**4 - 7*i**c. Determine a(5).
-5
Let d(k) be the first derivative of -5*k**4/24 - k**3/6 + 3*k**2 - 7. Let n(y) be the second derivative of d(y). Suppose 2 = 2*j + 4. Calculate n(j).
4
Let d(p) be the first derivative of 2 - 1/2*p**2 + 10*p + 1/3*p**3. Calculate d(0).
10
Let t(j) = -j**2 - 3*j - 7. Let m(u) = u**2 + 4*u + 8. Let n = -5 - 0. Let h(z) = n*m(z) - 6*t(z). Let l(o) be the first derivative of h(o). What is l(3)?
4
Let s(n) be the second derivative of -n**4/12 + n**3 - n**2/2 - 15*n - 1. What is s(5)?
4
Let m = 3 - 5. Let i be (-24)/30*(1 + (-3)/m). Let b(w) = -2*w**2 - 3*w - 2. Determine b(i).
-4
Suppose 4*g - 34 = -5*j + 99, 0 = 4*j - 4. Let l = g + -37. Let z(k) = -k + 4. Calculate z(l).
9
Let t(c) = -5*c - 262. Let k be t(-53). Let g(b) = b**2 - 8*b - 2. What is g(k)?
-17
Let n(r) = -r**2 + 5*r + 4. Suppose 2*u = -47 + 123. Suppose 0 = -2*k + u - 26. Determine n(k).
-2
Let v(u) = 5*u**2 + 3*u**2 + 6*u**2 + 4 - 9*u**2 - 3*u. Let f(k) = -9*k**2 + 5*k - 7. Let c(l) = -4*f(l) - 7*v(l). What is c(-1)?
0
Let g(u) = -5*u - 6. Let v(o) = o - 1 + 5 - 1 - 2 + o**2. Let y(x) = g(x) - v(x). Give y(-5).
-2
Let u(w) = w**3 + 8*w**2 + 5*w + 4. Suppose 0 = r - 6*r. Suppose 5*z + 1 = -r*y + y, -4 = -4*y. Suppose z = 4*g + g + 35. Determine u(g).
18
Let l(x) = x**3 + 6*x**2 - 17*x - 8. Let f be l(-8). Let g(j) be the second derivative of -1/12*j**4 + 4*j + 0*j**2 + f - 1/5*j**5 + 0*j**3. What is g(-1)?
3
Let j(l) = -2*l + 2. Let d(h) = -2*h**2 + 2*h. Let x(g) = g**2 - 2*g + 1. Let i(n) = 2*d(n) + 3*x(n). Let u be i(-4). Let o = 9 + u. Determine j(o).
-6
Let o = -5 + 38. Let n = 30 - o. Let u(a) = 2*a + 2. What is u(n)?
-4
Let y be 92/408 + (-15)/255. Let x(q) be the third derivative of y*q**4 + 0 + 1/2*q**3 + 1/60*q**5 + 9*q**2 + 0*q. Calculate x(-2).
-1
Let q = -7 + 7. Suppose -5*h - 3*f - 48 = q, 0 = -2*f + 4 + 4. Let c be (-36)/h*(-10)/(-6). Let w(g) = g - 2. Determine w(c).
3
Suppose -39*i + 28 = -25*i. Let t(p) = -p**2 + 2*p + 2. Determine t(i).
2
Let s(h) be the third derivative of -h**6/720 + h**5/60 + 19*h**4/24 - 27*h**2. Let w(b) be the second derivative of s(b). Determine w(0).
2
Let d(u) be the second derivative of u**5/20 + 5*u**4/2 + 5*u**3 + 35*u**2/2 - 183*u + 1. What is d(-29)?
6
Let c(o) be the third derivative of -o**5/60 + 7*o**4/12 - o**3/6 - 120*o**2. What is c(14)?
-1
Let t be (-2)/(1 + -3) - 0/2. Suppose -d + 5 + 0 = 5*f, f - t = -4*d. Let l(y) = y - 6. Calculate l(d).
-6
Let h(t) = t**3 + 4*t**2 - 2*t + 4. Suppose -8*w + 14 - 46 = 0. What is h(w)?
12
Suppose 0 = -2*v + 3*v - 1. Let n(f) = -5*f - 48*f**2 + 47*f**2 + v + 9. Calculate n(-7).
-4
Let i(r) = -2*r + 18. Let m(s) = -2*s + 15. Let z(x) = 6*i(x) - 7*m(x). Determine z(0).
3
Let n(a) be the second derivative of a**5/20 - a**4/3 - 13*a**3/6 + 2*a**2 + 318*a. Give n(6).
-2
Let k(p) = 0*p + p + 4*p**2 - p**3 - p**2. Give k(3).
3
Let m(k) = 3*k + 1. Let l(v) = v - 1. Let f(r) = 4*l(r) - m(r). Determine f(10).
5
Let x(a) = -a**3 + a - 1. Let c(j) = 7*j**3 - 7*j**2 - 14*j + 8. Let p(w) = c(w) + 6*x(w). Calculate p(7).
-54
Let p(w) = -4*w + 9597 + 2*w - 9591. Calculate p(5).
-4
Let a = -4 + 6. Suppose -a = -2*k + 2. Let c(j) = 0 + 79*j**2 - 7 - 80*j**2 + 3*j + 6. Calculate c(k).
1
Let c(v) = -42*v**2 + 4*v - 39*v**2 - 39*v**2 + 155*v**2 - 38*v**2. Calculate c(-3).
-39
Let g(z) = -9*z**2 - z. Suppose -3*l - 9 = -3*d, -13 = -8*l + 3*l - 2*d. Calculate g(l).
-10
Suppose 0 = -29*m + 52 + 93. Let b(p) = -p**3 + 3*p**2 + 8*p - 4. What is b(m)?
-14
Let m(f) = -38*f - 52. Let v(s) = -24*s - 34. Let z(d) = 5*m(d) - 8*v(d). Calculate z(-8).
-4
Let h = -124 + 125. Suppose -4*a - 2*s = 16, a - h = s - 2. Let r(t) = -2*t**3 - 3*t**2 - t - 4. Give r(a).
26
Let l(d) be the third derivative of d**6/120 + d**5/20 + d**4/12 + d**3/2 - 2*d**2 - 31. Let m = -3 - -1. What is l(m)?
3
Let c(o) = 3*o**3 - 21*o**2 + 6*o - 9. Let p(a) = -5*a**3 + 31*a**2 - 7*a + 13. Let l(j) = 8*c(j) + 5*p(j). Give l(-14).
7
Let v(q) be the first derivative of 2*q**3/3 + q**2/2 - 50. What is v(0)?
0
Suppose 7 - 2 = -q. Let n be -2 - (1 - 5) - (q + 10). Let v(m) = -m**3 - 5*m**2 - 3*m + 4. What is v(n)?
-5
Let p(g) = 8*g. Let y be p(3). Let u = y - 19. Let r(o) = -7*o + 2*o**2 - 2 + 5 - o**2. Determine r(u).
-7
Let x(g) = -g**2 - 6*g + 1. Suppose 4*m - l + 7 = -15, -5*l = 3*m + 5. Let r be x(m). Let k = r - 2. Let i(c) = -c + 9. What is i(k)?
5
Let u(s) = -s**2 + 4*s + 57. Let p be u(10). Let n(c) = -c**3 - 4*c**2 + c + 6. Determine n(p).
-6
Let d(m) = 3*m + 1. Let l(s) = 2*s. Let b(w) = 3*d(w) - 5*l(w). Let c be b(10). Let o(v) = -10 + v - 2*v - v. Calculate o(c).
4
Let z(h) = 6*h - 1. Let k be (0/(-1))/(6/3). Let s = k - -14. Let x be (-6)/(-4)*s/(-21). Give z(x).
-7
Let f(s) = -5*s**2 - 4*s + 6. Let d be f(1). Let k(n) = n**2 + 5*n - 3. Determine k(d).
-9
Let z be (-2 - -1)/((645/(-150))/(-43)). Let f(u) = -u**3 - 9*u**2 + 11*u + 15. What is f(z)?
5
Let o = 47/14 - 20/7. Let a(d) be the first derivative of -4 + o*d**2 - 4*d. Give a(3).
-1
Let x(j) be the first derivative of -4*j**3/3 + 2*j**2 - 4*j + 41. Determine x(3).
-28
Let h(n) = -3 - 2*n**3 + 983*n - 1961*n + 5*n**3 + 983*n. What is h(2)?
31
Let g(h) = -38 - h**2 - 13*h - 13*h - 2*h + 6*h + 23. Calculate g(-21).
6
Let f(n) = 77 - 3*n - 57 + 2*n. Give f(10).
10
Let o = -63 - -57. Let r(n) = -2 - 12*n + n**2 + 16*n - 3. Give r(o).
7
Suppose 559 = 29*r + 14*r. Let s(m) = -m**3 + 14*m**2 - 13*m - 16. Give s(r).
-16
Let l(x) = 2*x + 6. Let t be l(-5). Let q(w) = -w**2 + 11. Give q(t).
-5
Let r(y) = 18 - y**2 - 37 + y + 22. Let q = -2 + 7. Determine r(q).
-17
Let x(i) be the first derivative of i**2 + 12*i - 187. What is x(-8)?
-4
Suppose p + 2*k = 3, 4*p + 38 = 2*k - 0. Let t(f) = f + 11. What is t(p)?
4
Let i(h) = -3*h**3 + 28*h**2 - 7*h - 13. Let q be i(9). Let p(a) = -5*a**3 + 1 + 3*a**3 + 4*a**2 + a**3 + 6*a. Calculate p(q).
6
Let w(x) = -5*x - 46. Let m be w(-10). Let i(c) = -c - c + 7*c + 1 - m*c. Determine i(-4).
-3
Let b(x) = -x**2 - 11*x + 4. Let i(k) = -k**2 - 9*k + 5. Suppose -45 = 18*y - 9*y. Let m(u) = y*b(u) + 6*i(u). Give m(0).
10
Let h(v) = -v**3 + 11*v**2 + v - 5. Suppose 0 = 7*q - 48 + 13. Suppose 8*z = -p + q*z + 8, 4 = -4*z. Calculate h(p).
6
Let l(z) = z. Let g(m) = -8*m - 1. Let f(t) = g(t) + 6*l(t). Let n(k) = -k**3 + 5*k**2 + 5*k + 10. Let a be n(6). Suppose -x = a - 1. Give f(x).
5
Let n(f) = -82 + f + 78 + 0*f. Let c be (-16 + 2)/(1 + -3). What is n(c)?
3
Let q(c) = -2*c + 1. Let i = 42 + -15. Let r = i - 25. What is q(r)?
-3
Let g(q) = -q**2 + 3*q + 9. Suppose 27*i - 191 = -56. Determine g(i).